 3*u - 10. Calculate the remainder when 29 is divided by ((-30)/(0 + -1))/u.
14
Suppose -b - b = -20. Let f = -13 - -17. Calculate the remainder when b is divided by f.
2
Suppose -145 = -3*a - 28. What is the remainder when a is divided by 20?
19
Suppose -5*j + j + 12 = 0. What is the remainder when 24 is divided by ((-6)/(-1))/(2/j)?
6
Let g be (-153)/(-27) + (-4)/6. What is the remainder when 32 is divided by (-171)/(-15) + (-2)/g?
10
What is the remainder when 0 + (41 - (6/3 + -2)) is divided by 21?
20
Suppose 73 = 2*c + 5. Calculate the remainder when c is divided by 12.
10
Let j = -83 + 48. Let q = j + 49. Calculate the remainder when 40 is divided by q.
12
Suppose 0 = -5*r - 0*r + 15, -5*s - r + 3 = 0. Suppose 5*j - 5*p = 10, 7*p - 3*p + 12 = 0. Calculate the remainder when 27 is divided by s + (j - (2 - 13)).
7
Suppose -3*z = -4*s + s, 0 = -5*z + 4*s + 2. Suppose -190 = -7*u + z*u. Calculate the remainder when u is divided by 10.
8
Suppose -3*v + 183 = 3*t, -19*v + 4*t = -24*v + 302. What is the remainder when v is divided by 13?
6
Calculate the remainder when -1*(-2 + 228/4)*-1 is divided by 14.
13
Calculate the remainder when 46 is divided by 2/(-4)*0/(-1) + 24.
22
What is the remainder when (-128)/6*(-4 - -1) is divided by 17?
13
Suppose 0 = -t + 4*q + 87, 2*q + 144 = 2*t - 0*q. Suppose 17 + t = 3*i. Let l = i + -12. Calculate the remainder when l is divided by 9.
7
Let d = 239 + -82. What is the remainder when d is divided by 53?
51
Let l = -341 - -568. Suppose 0 = -g - r - 3*r + 58, r = 5*g - l. Calculate the remainder when g is divided by 16.
14
Let m(h) = h - 1. Let t be m(3). Let x be -1 + -1 + t - 0. Suppose 0 = 2*j - 2*s - 20, x*j - 10 = j + 3*s. Calculate the remainder when 8 is divided by j.
3
Let g = -10 + 27. Let m = 6 - 4. Suppose m*c = 3*n + 91, 3*n - 109 = -c - c. Calculate the remainder when c is divided by g.
16
Let w(l) = 3*l + 6. Let m = 2 + 9. What is the remainder when w(5) is divided by m?
10
Let j = -20 - -45. Calculate the remainder when 73 is divided by j.
23
Suppose -23 = -3*j + 1. Let v(h) = h**3 + 7*h**2 + 7*h + 7. Calculate the remainder when v(-5) is divided by j.
6
What is the remainder when 23/(0 - (-2)/6) is divided by 18?
15
Calculate the remainder when 47 is divided by -12*(1 - (3 + -1)).
11
Let x(p) = 6*p + 43. Calculate the remainder when x(29) is divided by 55.
52
Let m = 1 + 1. Suppose 0 = -m*u + 10. Suppose 1 - 17 = -2*j. Calculate the remainder when j is divided by u.
3
Let t(o) be the third derivative of 7/6*o**3 + 0 + o**2 - 1/60*o**5 + 1/4*o**4 + 0*o. Calculate the remainder when 23 is divided by t(5).
11
Let p(i) = i**3 + 9*i**2 - 13*i + 9. Suppose q + x + 5 = 0, 15 = 3*x - 0*x. Calculate the remainder when p(q) is divided by 14.
11
Suppose 25 = -5*x, -4*u = -5*x - 46 - 131. Suppose -3*n + 0*n - 3*c = -45, -3*n - 4*c = -50. Calculate the remainder when u is divided by n.
8
Suppose -4*d = -5*d - 4*l - 5, 42 = 2*d - 5*l. Calculate the remainder when d is divided by 7.
4
Let w(l) = l**2 + 2*l + 1. Let s be w(-4). Let u(a) = -a**3 + 10*a**2 - 7*a + 13. What is the remainder when u(s) is divided by (-16)/(-1) + -1 + 1?
15
Suppose 3*u = 25 - 10. Suppose u*n - 9 - 11 = 0. What is the remainder when 7 is divided by n?
3
Suppose 2*f - 5*z = -3*f + 500, 4*z + 296 = 3*f. Calculate the remainder when f is divided by 35.
34
Suppose 5*k = -2*y - 3*y + 35, k = y + 9. Calculate the remainder when k is divided by (6/4 - 3)*-2.
2
Let o(u) = -u**2 + 6*u + 10. Let s be o(7). Let n(b) = -3 - 3 - 3 + s*b - 10*b. What is the remainder when n(-7) is divided by 21?
19
Let d be 9/2 - (-6)/(-4). Suppose 3 = d*t - 3*y, 4*y = t + 4 + 4. What is the remainder when 11 is divided by t?
3
Suppose 2*l + 4*m + 9 + 9 = 0, -2*m = -5*l - 9. Let x = 12 + l. Suppose w + x = 2*s, s + 5*w + 23 = -0*s. Calculate the remainder when 2 is divided by s.
0
Let w = -11 - -8. Calculate the remainder when 16 is divided by (w/6)/((-1)/12).
4
Let k(r) = 4*r - 4. Let a = 77 + -14. Calculate the remainder when a is divided by k(5).
15
Suppose -x + 58 = 5*k + 8, 5*x - 280 = 5*k. Calculate the remainder when x is divided by 19.
17
Suppose 0 = 4*f - 0*f - 68. Calculate the remainder when f is divided by (27 - 0)*2/6.
8
Calculate the remainder when 25 is divided by -3*((-30)/(-9) - 3) - -8.
4
Let t be -9 - (-2 - (-2)/1). Let b = t - -21. Suppose -3 = o - 3*n + 2, -3*o = 4*n - 37. Calculate the remainder when b is divided by o.
5
Let k = -12 - -30. Calculate the remainder when 123*3/k*2 is divided by 14.
13
Suppose -2*j - 3*j = 15, 5*q - j = 18. Suppose -3*p + 2*u + 28 = 0, -q*p + 5 = 2*p + 5*u. What is the remainder when p is divided by 4?
2
Let z = 24 - 15. What is the remainder when 35 is divided by z?
8
Let b = 9 - -22. What is the remainder when b is divided by 12?
7
What is the remainder when 42 is divided by ((-5000)/(-45))/5 + 2/(-9)?
20
Suppose 5*z - 12 = 2*z. Let s(a) = a**2 + 2*a + 4. Let i(u) = u + 1. Let l(d) = -4*i(d) + s(d). What is the remainder when 22 is divided by l(z)?
6
Suppose 0 = -3*z + 2 + 4. Calculate the remainder when z - 4 - (-47)/1 is divided by 23.
22
Suppose -4*h + 6*h - 135 = l, -90 = -h + 5*l. What is the remainder when h is divided by 22?
21
Let u be (-16)/(-3)*45/10. Let c = u + -10. What is the remainder when 40 is divided by c?
12
Let l = -5 - -17. Let u = 24 - -126. Suppose -5*c - u = -5*z, -5*z + 3*c + 155 = -c. Calculate the remainder when z is divided by l.
11
Suppose 5*i + 8 = 2*b, 7*b - 2*i + 22 = 2*b. Let n be 18/b + 8*6. Calculate the remainder when 46 is divided by n/(-10)*8/(-3).
10
Let o(q) = 2*q**2 + 3*q + 7. Let d(w) = 2*w - 17. Let u be d(7). Calculate the remainder when o(u) is divided by 9.
7
Suppose 0 = -3*w - 3*q - 54, w - q - 4*q - 6 = 0. Calculate the remainder when 12 is divided by w/(-2) - 2*1.
2
Let q(d) = d**3 - 6*d**2 - 7*d + 4. Let s be q(7). Let g = s - -3. Calculate the remainder when 18 is divided by g.
4
Let q = -45 - -70. Suppose -4*u = -0*u. Let t = q + u. Calculate the remainder when t is divided by 7.
4
Suppose 0 - 10 = 5*h. What is the remainder when (88/16 - 6)*(-82 - 0) is divided by 0 + 1 - 20/h?
8
Let m = -37 - -45. What is the remainder when 38 is divided by m?
6
Let t = -2 - -6. Suppose w - 8 = -2*o, 2*w = -2*o - 0*o + 6. What is the remainder when t is divided by (4 - w)*(-1)/(-2)?
1
Let k(d) = -d**2 + 8*d. Calculate the remainder when 58 is divided by k(5).
13
Let w be (-3)/(-4) - 310/40. Let i(t) = -2*t**3 - 14*t**2 - 3*t. What is the remainder when i(w) is divided by 6?
3
Suppose 2*p = -4*q - 68, 0*q + 14 = -2*q + 4*p. Let k = q + 21. What is the remainder when 15 is divided by k?
3
Suppose 51 = 2*r - 191. Suppose i + r = 3*l + 12, 0 = 5*i + 20. Suppose -2*b + 72 = 2*b. What is the remainder when l is divided by b?
17
Calculate the remainder when 11/8 + -1 + (-22629)/(-456) is divided by 13.
11
Let o be 0*(-1 - 1)/6. Suppose -3*s = -2*c - 7*s + 248, o = -c + 2*s + 112. Calculate the remainder when c is divided by 24.
22
What is the remainder when (-1)/4*-6*2 is divided by 1?
0
Let b = 6 + 60. Let a = -47 + b. What is the remainder when a is divided by (-4)/(-18) - 97/(-9)?
8
Let q = 3 - 2. Let z = q + 1. Suppose 4*f + z*d = 114, -4*f - d = -48 - 61. Calculate the remainder when f is divided by 14.
12
Suppose 25 + 0 = 5*u. What is the remainder when 14 is divided by u?
4
Let l = 197 + -135. Let v be 1 + 2 + 3/3. Calculate the remainder when 44 is divided by l/v + 1/(-2).
14
Suppose 7*c = 4*c + 123. Suppose 10*f = -30 + 180. Calculate the remainder when c is divided by f.
11
Let y(i) = -i**3 - 2*i**2 + 6*i - 7. Let d be y(-5). Suppose 4*v = 2*k + 12 + d, -4*v + 3*k + 45 = 0. Calculate the remainder when 7 is divided by -3*(-3)/27*v.
2
Let g be (2 - 4)*48/(-3). Let f = -25 + g. What is the remainder when (-39)/(-2) + 1/2 is divided by f?
6
Let n = -63 - -132. Suppose -10*y + 13*y - n = 0. Calculate the remainder when 91 is divided by y.
22
Suppose -2*w = 2*w. Suppose w = 4*n - 5*h - 113, -3*n - 7*h + 77 = -3*h. Calculate the remainder when n is divided by 7.
6
Let y(m) = m**2 - 9*m + 6. Let g(h) = -11*h - 4. Calculate the remainder when g(-3) is divided by y(10).
13
Suppose -b = b - 18. What is the remainder when 33 is divided by b?
6
Suppose 5*h - 5*y - 90 = 0, -2*y